{"id":11,"date":"2023-11-02T23:31:51","date_gmt":"2023-11-02T22:31:51","guid":{"rendered":"https:\/\/itcothema.be\/enseignement\/?page_id=11"},"modified":"2026-04-15T18:13:05","modified_gmt":"2026-04-15T18:13:05","slug":"itcothema-enseignement","status":"publish","type":"page","link":"https:\/\/itcothema.be\/enseignement\/","title":{"rendered":"ItCoThema Belgique \/ Enseignement"},"content":{"rendered":"\n<div class=\"wp-block-media-text alignwide has-media-on-the-right is-stacked-on-mobile is-vertically-aligned-center has-background\" style=\"background-color:#f1f5c7\"><div class=\"wp-block-media-text__content\">\n<div class=\"wp-block-group is-layout-flow wp-block-group-is-layout-flow\" style=\"padding-top:2em;padding-right:2em;padding-bottom:2em;padding-left:2em\">\n<p style=\"font-size:clamp(22.041px, 1.378rem + ((1vw - 3.2px) * 1.586), 36px);line-height:1.2\"><strong>Vos \u00e9tudiants seraient-ils capables de d\u00e9fendre la table des mati\u00e8res de votre cours devant un jury externe \u00e0 la fin de l&rsquo;ann\u00e9e ?<\/strong><\/p>\n\n\n\n<p class=\"has-extra-small-font-size\">Ajouter une couche en approche ItCoThema dans vos cours pour donner du sens \u00e0 l&rsquo;encha\u00eenement de vos s\u00e9quences et entra\u00eenez vos \u00e9tudiants afin de ma\u00eetrisez aussi bien les contenus que la vue d&rsquo;ensemble.<\/p>\n<\/div>\n<\/div><figure class=\"wp-block-media-text__media\"><img loading=\"lazy\" decoding=\"async\" width=\"1024\" height=\"1024\" src=\"http:\/\/itcothema.be\/enseignement\/wp-content\/uploads\/2026\/04\/ItCoThema_etudiants01.png\" alt=\"\" class=\"wp-image-80 size-full\" srcset=\"https:\/\/itcothema.be\/enseignement\/wp-content\/uploads\/2026\/04\/ItCoThema_etudiants01.png 1024w, https:\/\/itcothema.be\/enseignement\/wp-content\/uploads\/2026\/04\/ItCoThema_etudiants01-300x300.png 300w, https:\/\/itcothema.be\/enseignement\/wp-content\/uploads\/2026\/04\/ItCoThema_etudiants01-150x150.png 150w, https:\/\/itcothema.be\/enseignement\/wp-content\/uploads\/2026\/04\/ItCoThema_etudiants01-768x768.png 768w\" sizes=\"auto, (max-width: 1024px) 100vw, 1024px\" \/><\/figure><\/div>\n\n\n\n<div class=\"wp-block-media-text alignwide is-stacked-on-mobile is-vertically-aligned-center has-background\" style=\"background-color:#fffdea\"><figure class=\"wp-block-media-text__media\"><img loading=\"lazy\" decoding=\"async\" width=\"1024\" height=\"576\" src=\"http:\/\/itcothema.be\/enseignement\/wp-content\/uploads\/2026\/04\/0-Kit-202305C-1024x576.jpg\" alt=\"\" class=\"wp-image-78 size-full\" srcset=\"https:\/\/itcothema.be\/enseignement\/wp-content\/uploads\/2026\/04\/0-Kit-202305C-1024x576.jpg 1024w, https:\/\/itcothema.be\/enseignement\/wp-content\/uploads\/2026\/04\/0-Kit-202305C-300x169.jpg 300w, https:\/\/itcothema.be\/enseignement\/wp-content\/uploads\/2026\/04\/0-Kit-202305C-768x432.jpg 768w, https:\/\/itcothema.be\/enseignement\/wp-content\/uploads\/2026\/04\/0-Kit-202305C-1536x864.jpg 1536w, https:\/\/itcothema.be\/enseignement\/wp-content\/uploads\/2026\/04\/0-Kit-202305C.jpg 2048w\" sizes=\"auto, (max-width: 1024px) 100vw, 1024px\" \/><\/figure><div class=\"wp-block-media-text__content\">\n<div class=\"wp-block-group is-layout-flow wp-block-group-is-layout-flow\" style=\"padding-top:2em;padding-right:2em;padding-bottom:2em;padding-left:2em\">\n<p style=\"font-size:clamp(22.041px, 1.378rem + ((1vw - 3.2px) * 1.586), 36px);line-height:1.2\">Les <a href=\"https:\/\/itcothema.be\/enseignement\/demo-economie\/\">fresques didactiques<\/a> vous permettent d&rsquo;interroger oralement tous vos \u00e9l\u00e8ves et d&rsquo;identifier plus rapidement les besoins de rem\u00e9diation<\/p>\n\n\n\n<p class=\"has-extra-small-font-size\">Faites des groupes, laissez-les agencer leur fresque dans un exercice collectif, interrogez-les ensuite pour offrir un retour sur erreur rapide.<\/p>\n\n\n\n<p><a href=\"https:\/\/itcothema.be\/enseignement\/demo-economie\/\" data-type=\"page\" data-id=\"36\">D\u00e9couvrez la m\u00e9thode et t\u00e9l\u00e9charger un exemple en cliquant ici<\/a><\/p>\n<\/div>\n<\/div><\/div>\n\n\n\n<div class=\"wp-block-group alignfull has-text-color has-background is-layout-flow wp-block-group-is-layout-flow\" style=\"color:#000000;background-color:#ffffff\">\n<div style=\"height:64px\" aria-hidden=\"true\" class=\"wp-block-spacer\"><\/div>\n\n\n\n<p class=\"has-text-align-center has-small-font-size\" style=\"line-height:.9\"><strong>Construisons ensemble l&rsquo;enseignement de demain<\/strong><\/p>\n\n\n\n<h2 class=\"wp-block-heading has-text-align-center\" id=\"schedule-a-visit\" style=\"font-size:clamp(32.969px, 2.061rem + ((1vw - 3.2px) * 2.958), 59px);px;line-height:1.15\"><strong>Contactez-nous<\/strong><\/h2>\n\n\n\n<div class=\"wp-block-buttons is-horizontal is-content-justification-center is-layout-flex wp-container-core-buttons-is-layout-03627597 wp-block-buttons-is-layout-flex\">\n<div class=\"wp-block-button has-custom-width wp-block-button__width-50\"><a class=\"wp-block-button__link has-text-color has-background wp-element-button\" href=\"mailto:contact@itcothema.org\" style=\"border-radius:50px;color:#ffffff;background-color:#000000\">contact@itcothema.org<\/a><\/div>\n<\/div>\n\n\n\n<div style=\"height:64px\" aria-hidden=\"true\" class=\"wp-block-spacer\"><\/div>\n<\/div>\n\n\n\n<p>Retour vers le <a href=\"https:\/\/itcothema.be\/\">site ItCoThema Belgique en cliquant ici<\/a><\/p>\n\n\n\n<p>D\u00e9couvrez \u00e9galement la documentation compl\u00e8te de l&rsquo;approche sur <a href=\"https:\/\/itcothema.org\/\">www.itcothema.org<\/a><\/p>\n","protected":false},"excerpt":{"rendered":"<p>Construisons ensemble l&rsquo;enseignement de demain Contactez-nous Retour vers le site ItCoThema Belgique en cliquant ici D\u00e9couvrez \u00e9galement la documentation compl\u00e8te de l&rsquo;approche sur www.itcothema.org<\/p>\n","protected":false},"author":1,"featured_media":0,"parent":0,"menu_order":0,"comment_status":"closed","ping_status":"closed","template":"","meta":{"footnotes":""},"class_list":["post-11","page","type-page","status-publish","hentry"],"_links":{"self":[{"href":"https:\/\/itcothema.be\/enseignement\/wp-json\/wp\/v2\/pages\/11","targetHints":{"allow":["GET"]}}],"collection":[{"href":"https:\/\/itcothema.be\/enseignement\/wp-json\/wp\/v2\/pages"}],"about":[{"href":"https:\/\/itcothema.be\/enseignement\/wp-json\/wp\/v2\/types\/page"}],"author":[{"embeddable":true,"href":"https:\/\/itcothema.be\/enseignement\/wp-json\/wp\/v2\/users\/1"}],"replies":[{"embeddable":true,"href":"https:\/\/itcothema.be\/enseignement\/wp-json\/wp\/v2\/comments?post=11"}],"version-history":[{"count":2,"href":"https:\/\/itcothema.be\/enseignement\/wp-json\/wp\/v2\/pages\/11\/revisions"}],"predecessor-version":[{"id":81,"href":"https:\/\/itcothema.be\/enseignement\/wp-json\/wp\/v2\/pages\/11\/revisions\/81"}],"wp:attachment":[{"href":"https:\/\/itcothema.be\/enseignement\/wp-json\/wp\/v2\/media?parent=11"}],"curies":[{"name":"wp","href":"https:\/\/api.w.org\/{rel}","templated":true}]}}